{"id":6743,"date":"2016-10-08T16:22:30","date_gmt":"2016-10-08T16:22:30","guid":{"rendered":"https:\/\/www.creativodigital.net\/home\/?page_id=6743"},"modified":"2016-10-08T17:38:25","modified_gmt":"2016-10-08T17:38:25","slug":"visualizacion-arquitectonica-3d","status":"publish","type":"page","link":"https:\/\/www.creativodigital.net\/home\/visualizacion-arquitectonica-3d\/","title":{"rendered":"Visualizaci\u00f3n Arquitect\u00f3nica 3D"},"content":{"rendered":"<section class=\"wpb-content-wrapper\"><p>[vc_row heading_color=\u00bbprimary-1&#8243; section_type=\u00bbfullwidth-element\u00bb flex_height=\u00bbyes\u00bb][vc_column]<div class=\"eut-element eut-hr \" style=\"padding-top: 0px;padding-bottom: 0px;\"><div class=\"eut-dashed-line-divider\"><\/div><\/div><div class=\"eut-element eut-image-text\" style=\"margin-bottom: 0px;\"><div class=\"eut-image\"><img width=\"2250\" height=\"1265\" src=\"https:\/\/www.creativodigital.net\/home\/wp-content\/uploads\/2015\/07\/Render.jpg\" class=\"attachment-full size-full\" alt=\"\" decoding=\"async\" loading=\"lazy\" srcset=\"https:\/\/www.creativodigital.net\/home\/wp-content\/uploads\/2015\/07\/Render.jpg 2250w, https:\/\/www.creativodigital.net\/home\/wp-content\/uploads\/2015\/07\/Render-300x169.jpg 300w, https:\/\/www.creativodigital.net\/home\/wp-content\/uploads\/2015\/07\/Render-768x432.jpg 768w, https:\/\/www.creativodigital.net\/home\/wp-content\/uploads\/2015\/07\/Render-1024x576.jpg 1024w, https:\/\/www.creativodigital.net\/home\/wp-content\/uploads\/2015\/07\/Render-1170x658.jpg 1170w, https:\/\/www.creativodigital.net\/home\/wp-content\/uploads\/2015\/07\/Render-800x450.jpg 800w, https:\/\/www.creativodigital.net\/home\/wp-content\/uploads\/2015\/07\/Render-1920x1079.jpg 1920w\" sizes=\"(max-width: 2250px) 100vw, 2250px\" \/><\/div>  <div class=\"eut-content eut-align-left\"><h3>Visualizaci\u00f3n Arquitect\u00f3nica 3D<\/h3>  <p>Con la visualizaci\u00f3n arquitect\u00f3nica puedes darte el lujo de ensayar estructuras, materiales, iluminaci\u00f3n y acabados de forma virtual, antes de construir, minimizando riesgos y bajando costos. Esta herramienta maximizar\u00e1 el \u00e9xito de cualquier proyecto arquitect\u00f3nico o proceso industrial. Tu proyecto completo, antes de construirlo.<\/p>\n<p>Una buena visualizaci\u00f3n evoca sensaciones, habla de colores, de estados de \u00e1nimo, de recuerdos; aumenta el valor del dise\u00f1o y la comunicaci\u00f3n, ayuda a los clientes, accionistas, contratistas y otras personas involucradas en el proceso de dise\u00f1o y de ejecuci\u00f3n, para entender mejor la intenci\u00f3n y la belleza del dise\u00f1o.<br \/>\n\u2013 Render Fotorealista (imagen fija)<br \/>\n\u2013 Recorrido virtual (video)<\/p>  <\/div><\/div><div class=\"eut-element eut-hr \" style=\"\"><div class=\"eut-dashed-line-divider\"><\/div><\/div>[\/vc_column][\/vc_row][vc_row heading_color=\u00bborange\u00bb][vc_column]<div class=\"eut-element eut-callout eut-btn-bottom\" style=\"\">  <div class=\"eut-callout-wrapper\"><h3 class=\"eut-callout-content\">\u00bfTienes alg\u00fan proyecto?<\/h3>    <p class=\"eut-leader-text\">Contactanos y permitenos ayudarte con la imagen de tu proyecto. Uno de nuestros ejecutivos se pondr\u00e1 en contacto con usted.<\/p>  <\/div>  <div class=\"eut-button-wrapper\"><a class=\"eut-btn eut-btn-medium eut-square eut-bg-primary-1 eut-btn-line\" href=\"mailto:produccion@creativodigital.net\" target=\"_self\" style=\"\"><span>Solicitar Informaci\u00f3n<\/span><\/a>  <\/div><\/div>[\/vc_column][\/vc_row]<\/p>\n<\/section>","protected":false},"excerpt":{"rendered":"<p>[vc_row heading_color=\u00bbprimary-1&#8243; section_type=\u00bbfullwidth-element\u00bb flex_height=\u00bbyes\u00bb][vc_column][\/vc_column][\/vc_row][vc_row heading_color=\u00bborange\u00bb][vc_column][\/vc_column][\/vc_row]<\/p>\n","protected":false},"author":1,"featured_media":0,"parent":0,"menu_order":0,"comment_status":"closed","ping_status":"closed","template":"","meta":{"footnotes":""},"yoast_head":"<title>Visualizaci\u00f3n Arquitect\u00f3nica 3D - Creativo: Agencia de Dise\u00f1o<\/title>\n<meta name=\"robots\" content=\"index, follow, max-snippet:-1, max-image-preview:large, max-video-preview:-1\" \/>\n<link rel=\"canonical\" href=\"https:\/\/www.creativodigital.net\/home\/visualizacion-arquitectonica-3d\/\" \/>\n<meta property=\"og:locale\" content=\"es_ES\" \/>\n<meta property=\"og:type\" content=\"article\" \/>\n<meta property=\"og:title\" content=\"Visualizaci\u00f3n Arquitect\u00f3nica 3D - Creativo: Agencia de Dise\u00f1o\" \/>\n<meta property=\"og:description\" content=\"[vc_row heading_color=\u00bbprimary-1&#8243; section_type=\u00bbfullwidth-element\u00bb flex_height=\u00bbyes\u00bb][vc_column][\/vc_column][\/vc_row][vc_row heading_color=\u00bborange\u00bb][vc_column][\/vc_column][\/vc_row]\" \/>\n<meta property=\"og:url\" content=\"https:\/\/www.creativodigital.net\/home\/visualizacion-arquitectonica-3d\/\" \/>\n<meta property=\"og:site_name\" content=\"Creativo: Agencia de Dise\u00f1o\" \/>\n<meta property=\"article:modified_time\" content=\"2016-10-08T17:38:25+00:00\" \/>\n<meta name=\"twitter:card\" content=\"summary_large_image\" \/>\n<meta name=\"twitter:label1\" content=\"Tiempo de lectura\" \/>\n\t<meta name=\"twitter:data1\" content=\"1 minuto\" \/>\n<script type=\"application\/ld+json\" class=\"yoast-schema-graph\">{\"@context\":\"https:\/\/schema.org\",\"@graph\":[{\"@type\":\"WebPage\",\"@id\":\"https:\/\/www.creativodigital.net\/home\/visualizacion-arquitectonica-3d\/\",\"url\":\"https:\/\/www.creativodigital.net\/home\/visualizacion-arquitectonica-3d\/\",\"name\":\"Visualizaci\u00f3n Arquitect\u00f3nica 3D - Creativo: Agencia de Dise\u00f1o\",\"isPartOf\":{\"@id\":\"https:\/\/www.creativodigital.net\/home\/#website\"},\"datePublished\":\"2016-10-08T16:22:30+00:00\",\"dateModified\":\"2016-10-08T17:38:25+00:00\",\"breadcrumb\":{\"@id\":\"https:\/\/www.creativodigital.net\/home\/visualizacion-arquitectonica-3d\/#breadcrumb\"},\"inLanguage\":\"es\",\"potentialAction\":[{\"@type\":\"ReadAction\",\"target\":[\"https:\/\/www.creativodigital.net\/home\/visualizacion-arquitectonica-3d\/\"]}]},{\"@type\":\"BreadcrumbList\",\"@id\":\"https:\/\/www.creativodigital.net\/home\/visualizacion-arquitectonica-3d\/#breadcrumb\",\"itemListElement\":[{\"@type\":\"ListItem\",\"position\":1,\"name\":\"Portada\",\"item\":\"https:\/\/www.creativodigital.net\/home\/\"},{\"@type\":\"ListItem\",\"position\":2,\"name\":\"Visualizaci\u00f3n Arquitect\u00f3nica 3D\"}]},{\"@type\":\"WebSite\",\"@id\":\"https:\/\/www.creativodigital.net\/home\/#website\",\"url\":\"https:\/\/www.creativodigital.net\/home\/\",\"name\":\"Creativo: Agencia de Dise\u00f1o\",\"description\":\"Somos una agencia de dise\u00f1o, nos especializamos en imagen corporativa, dise\u00f1o web, multimedia y visualizaciones arquitectonicas 3D\",\"potentialAction\":[{\"@type\":\"SearchAction\",\"target\":{\"@type\":\"EntryPoint\",\"urlTemplate\":\"https:\/\/www.creativodigital.net\/home\/?s={search_term_string}\"},\"query-input\":\"required name=search_term_string\"}],\"inLanguage\":\"es\"}]}<\/script>","yoast_head_json":{"title":"Visualizaci\u00f3n Arquitect\u00f3nica 3D - Creativo: Agencia de Dise\u00f1o","robots":{"index":"index","follow":"follow","max-snippet":"max-snippet:-1","max-image-preview":"max-image-preview:large","max-video-preview":"max-video-preview:-1"},"canonical":"https:\/\/www.creativodigital.net\/home\/visualizacion-arquitectonica-3d\/","og_locale":"es_ES","og_type":"article","og_title":"Visualizaci\u00f3n Arquitect\u00f3nica 3D - Creativo: Agencia de Dise\u00f1o","og_description":"[vc_row heading_color=\u00bbprimary-1&#8243; section_type=\u00bbfullwidth-element\u00bb flex_height=\u00bbyes\u00bb][vc_column][\/vc_column][\/vc_row][vc_row heading_color=\u00bborange\u00bb][vc_column][\/vc_column][\/vc_row]","og_url":"https:\/\/www.creativodigital.net\/home\/visualizacion-arquitectonica-3d\/","og_site_name":"Creativo: Agencia de Dise\u00f1o","article_modified_time":"2016-10-08T17:38:25+00:00","twitter_card":"summary_large_image","twitter_misc":{"Tiempo de lectura":"1 minuto"},"schema":{"@context":"https:\/\/schema.org","@graph":[{"@type":"WebPage","@id":"https:\/\/www.creativodigital.net\/home\/visualizacion-arquitectonica-3d\/","url":"https:\/\/www.creativodigital.net\/home\/visualizacion-arquitectonica-3d\/","name":"Visualizaci\u00f3n Arquitect\u00f3nica 3D - Creativo: Agencia de Dise\u00f1o","isPartOf":{"@id":"https:\/\/www.creativodigital.net\/home\/#website"},"datePublished":"2016-10-08T16:22:30+00:00","dateModified":"2016-10-08T17:38:25+00:00","breadcrumb":{"@id":"https:\/\/www.creativodigital.net\/home\/visualizacion-arquitectonica-3d\/#breadcrumb"},"inLanguage":"es","potentialAction":[{"@type":"ReadAction","target":["https:\/\/www.creativodigital.net\/home\/visualizacion-arquitectonica-3d\/"]}]},{"@type":"BreadcrumbList","@id":"https:\/\/www.creativodigital.net\/home\/visualizacion-arquitectonica-3d\/#breadcrumb","itemListElement":[{"@type":"ListItem","position":1,"name":"Portada","item":"https:\/\/www.creativodigital.net\/home\/"},{"@type":"ListItem","position":2,"name":"Visualizaci\u00f3n Arquitect\u00f3nica 3D"}]},{"@type":"WebSite","@id":"https:\/\/www.creativodigital.net\/home\/#website","url":"https:\/\/www.creativodigital.net\/home\/","name":"Creativo: Agencia de Dise\u00f1o","description":"Somos una agencia de dise\u00f1o, nos especializamos en imagen corporativa, dise\u00f1o web, multimedia y visualizaciones arquitectonicas 3D","potentialAction":[{"@type":"SearchAction","target":{"@type":"EntryPoint","urlTemplate":"https:\/\/www.creativodigital.net\/home\/?s={search_term_string}"},"query-input":"required name=search_term_string"}],"inLanguage":"es"}]}},"_links":{"self":[{"href":"https:\/\/www.creativodigital.net\/home\/wp-json\/wp\/v2\/pages\/6743"}],"collection":[{"href":"https:\/\/www.creativodigital.net\/home\/wp-json\/wp\/v2\/pages"}],"about":[{"href":"https:\/\/www.creativodigital.net\/home\/wp-json\/wp\/v2\/types\/page"}],"author":[{"embeddable":true,"href":"https:\/\/www.creativodigital.net\/home\/wp-json\/wp\/v2\/users\/1"}],"replies":[{"embeddable":true,"href":"https:\/\/www.creativodigital.net\/home\/wp-json\/wp\/v2\/comments?post=6743"}],"version-history":[{"count":3,"href":"https:\/\/www.creativodigital.net\/home\/wp-json\/wp\/v2\/pages\/6743\/revisions"}],"predecessor-version":[{"id":6768,"href":"https:\/\/www.creativodigital.net\/home\/wp-json\/wp\/v2\/pages\/6743\/revisions\/6768"}],"wp:attachment":[{"href":"https:\/\/www.creativodigital.net\/home\/wp-json\/wp\/v2\/media?parent=6743"}],"curies":[{"name":"wp","href":"https:\/\/api.w.org\/{rel}","templated":true}]}}