{"id":6730,"date":"2016-10-08T16:05:23","date_gmt":"2016-10-08T16:05:23","guid":{"rendered":"https:\/\/www.creativodigital.net\/home\/?page_id=6730"},"modified":"2016-10-08T16:15:44","modified_gmt":"2016-10-08T16:15:44","slug":"imagen-corporativa","status":"publish","type":"page","link":"https:\/\/www.creativodigital.net\/home\/imagen-corporativa\/","title":{"rendered":"Imagen Corporativa"},"content":{"rendered":"<section class=\"wpb-content-wrapper\"><p>[vc_row heading_color=\u00bbprimary-1&#8243; section_type=\u00bbfullwidth-element\u00bb flex_height=\u00bbyes\u00bb][vc_column]<div class=\"eut-element eut-hr \" style=\"padding-top: 0px;padding-bottom: 0px;\"><div class=\"eut-dashed-line-divider\"><\/div><\/div><div class=\"eut-element eut-image-text\" style=\"margin-bottom: 0px;\"><div class=\"eut-image\"><img width=\"1500\" height=\"1000\" src=\"https:\/\/www.creativodigital.net\/home\/wp-content\/uploads\/2016\/05\/img_servicios_imagencorp.png\" class=\"attachment-full size-full\" alt=\"\" decoding=\"async\" loading=\"lazy\" srcset=\"https:\/\/www.creativodigital.net\/home\/wp-content\/uploads\/2016\/05\/img_servicios_imagencorp.png 1500w, https:\/\/www.creativodigital.net\/home\/wp-content\/uploads\/2016\/05\/img_servicios_imagencorp-300x200.png 300w, https:\/\/www.creativodigital.net\/home\/wp-content\/uploads\/2016\/05\/img_servicios_imagencorp-768x512.png 768w, https:\/\/www.creativodigital.net\/home\/wp-content\/uploads\/2016\/05\/img_servicios_imagencorp-1024x683.png 1024w\" sizes=\"(max-width: 1500px) 100vw, 1500px\" \/><\/div>  <div class=\"eut-content eut-align-left\"><h3>Imagen Corporativa<\/h3>  <p>Dise\u00f1amos a la medida de tu empresa.<\/p>\n<p>La imagen corporativa es el reflejo de los valores de una empresa, su cultura, filosof\u00eda y forma de trabajar. Es por eso que transmitirlos de forma correcta a los consumidores es importante. Es decir, el mensaje de lo que una empresa es o significa para la sociedad y como \u00e9sta la percibe.<br \/>\nPor esa raz\u00f3n despu\u00e9s de la creaci\u00f3n del logotipo y definici\u00f3n de las l\u00edneas b\u00e1sicas de su uso, dise\u00f1amos todos los elementos que lo presentan (dise\u00f1o de marca). Papeler\u00eda (cartas, sobres, sellos, etc.), tarjetas, rotulaci\u00f3n (de instalaciones, veh\u00edculos, etc.) y cualquier elemento visual que la actividad de la empresa requiera (men\u00fas, folletos, revistas, etc.)<br \/>\n<\/p>  <\/div><\/div><div class=\"eut-element eut-hr \" style=\"\"><div class=\"eut-dashed-line-divider\"><\/div><\/div>[\/vc_column][\/vc_row][vc_row heading_color=\u00bborange\u00bb][vc_column]<div class=\"eut-element eut-callout eut-btn-bottom\" style=\"\">  <div class=\"eut-callout-wrapper\"><h3 class=\"eut-callout-content\">\u00bfTienes alg\u00fan proyecto?<\/h3>    <p class=\"eut-leader-text\">Contactanos y permitenos ayudarte con la imagen de tu proyecto. Uno de nuestros ejecutivos se pondr\u00e1 en contacto con usted.<\/p>  <\/div>  <div class=\"eut-button-wrapper\"><a class=\"eut-btn eut-btn-medium eut-square eut-bg-primary-1 eut-btn-line\" href=\"mailto:produccion@creativodigital.net\" target=\"_self\" style=\"\"><span>Solicitar Informaci\u00f3n<\/span><\/a>  <\/div><\/div>[\/vc_column][\/vc_row]<\/p>\n<\/section>","protected":false},"excerpt":{"rendered":"<p>[vc_row heading_color=\u00bbprimary-1&#8243; section_type=\u00bbfullwidth-element\u00bb flex_height=\u00bbyes\u00bb][vc_column][\/vc_column][\/vc_row][vc_row heading_color=\u00bborange\u00bb][vc_column][\/vc_column][\/vc_row]<\/p>\n","protected":false},"author":1,"featured_media":0,"parent":0,"menu_order":0,"comment_status":"closed","ping_status":"closed","template":"","meta":{"footnotes":""},"yoast_head":"<title>Imagen Corporativa - Creativo: Agencia de Dise\u00f1o<\/title>\n<meta name=\"robots\" content=\"index, follow, max-snippet:-1, max-image-preview:large, max-video-preview:-1\" \/>\n<link rel=\"canonical\" href=\"https:\/\/www.creativodigital.net\/home\/imagen-corporativa\/\" \/>\n<meta property=\"og:locale\" content=\"es_ES\" \/>\n<meta property=\"og:type\" content=\"article\" \/>\n<meta property=\"og:title\" content=\"Imagen Corporativa - Creativo: Agencia de Dise\u00f1o\" \/>\n<meta property=\"og:description\" content=\"[vc_row heading_color=\u00bbprimary-1&#8243; section_type=\u00bbfullwidth-element\u00bb flex_height=\u00bbyes\u00bb][vc_column][\/vc_column][\/vc_row][vc_row heading_color=\u00bborange\u00bb][vc_column][\/vc_column][\/vc_row]\" \/>\n<meta property=\"og:url\" content=\"https:\/\/www.creativodigital.net\/home\/imagen-corporativa\/\" \/>\n<meta property=\"og:site_name\" content=\"Creativo: Agencia de Dise\u00f1o\" \/>\n<meta property=\"article:modified_time\" content=\"2016-10-08T16:15:44+00:00\" \/>\n<meta name=\"twitter:card\" content=\"summary_large_image\" \/>\n<meta name=\"twitter:label1\" content=\"Tiempo de lectura\" \/>\n\t<meta name=\"twitter:data1\" content=\"1 minuto\" \/>\n<script type=\"application\/ld+json\" class=\"yoast-schema-graph\">{\"@context\":\"https:\/\/schema.org\",\"@graph\":[{\"@type\":\"WebPage\",\"@id\":\"https:\/\/www.creativodigital.net\/home\/imagen-corporativa\/\",\"url\":\"https:\/\/www.creativodigital.net\/home\/imagen-corporativa\/\",\"name\":\"Imagen Corporativa - Creativo: Agencia de Dise\u00f1o\",\"isPartOf\":{\"@id\":\"https:\/\/www.creativodigital.net\/home\/#website\"},\"datePublished\":\"2016-10-08T16:05:23+00:00\",\"dateModified\":\"2016-10-08T16:15:44+00:00\",\"breadcrumb\":{\"@id\":\"https:\/\/www.creativodigital.net\/home\/imagen-corporativa\/#breadcrumb\"},\"inLanguage\":\"es\",\"potentialAction\":[{\"@type\":\"ReadAction\",\"target\":[\"https:\/\/www.creativodigital.net\/home\/imagen-corporativa\/\"]}]},{\"@type\":\"BreadcrumbList\",\"@id\":\"https:\/\/www.creativodigital.net\/home\/imagen-corporativa\/#breadcrumb\",\"itemListElement\":[{\"@type\":\"ListItem\",\"position\":1,\"name\":\"Portada\",\"item\":\"https:\/\/www.creativodigital.net\/home\/\"},{\"@type\":\"ListItem\",\"position\":2,\"name\":\"Imagen Corporativa\"}]},{\"@type\":\"WebSite\",\"@id\":\"https:\/\/www.creativodigital.net\/home\/#website\",\"url\":\"https:\/\/www.creativodigital.net\/home\/\",\"name\":\"Creativo: Agencia de Dise\u00f1o\",\"description\":\"Somos una agencia de dise\u00f1o, nos especializamos en imagen corporativa, dise\u00f1o web, multimedia y visualizaciones arquitectonicas 3D\",\"potentialAction\":[{\"@type\":\"SearchAction\",\"target\":{\"@type\":\"EntryPoint\",\"urlTemplate\":\"https:\/\/www.creativodigital.net\/home\/?s={search_term_string}\"},\"query-input\":\"required name=search_term_string\"}],\"inLanguage\":\"es\"}]}<\/script>","yoast_head_json":{"title":"Imagen Corporativa - Creativo: Agencia de Dise\u00f1o","robots":{"index":"index","follow":"follow","max-snippet":"max-snippet:-1","max-image-preview":"max-image-preview:large","max-video-preview":"max-video-preview:-1"},"canonical":"https:\/\/www.creativodigital.net\/home\/imagen-corporativa\/","og_locale":"es_ES","og_type":"article","og_title":"Imagen Corporativa - Creativo: Agencia de Dise\u00f1o","og_description":"[vc_row heading_color=\u00bbprimary-1&#8243; section_type=\u00bbfullwidth-element\u00bb flex_height=\u00bbyes\u00bb][vc_column][\/vc_column][\/vc_row][vc_row heading_color=\u00bborange\u00bb][vc_column][\/vc_column][\/vc_row]","og_url":"https:\/\/www.creativodigital.net\/home\/imagen-corporativa\/","og_site_name":"Creativo: Agencia de Dise\u00f1o","article_modified_time":"2016-10-08T16:15:44+00:00","twitter_card":"summary_large_image","twitter_misc":{"Tiempo de lectura":"1 minuto"},"schema":{"@context":"https:\/\/schema.org","@graph":[{"@type":"WebPage","@id":"https:\/\/www.creativodigital.net\/home\/imagen-corporativa\/","url":"https:\/\/www.creativodigital.net\/home\/imagen-corporativa\/","name":"Imagen Corporativa - Creativo: Agencia de Dise\u00f1o","isPartOf":{"@id":"https:\/\/www.creativodigital.net\/home\/#website"},"datePublished":"2016-10-08T16:05:23+00:00","dateModified":"2016-10-08T16:15:44+00:00","breadcrumb":{"@id":"https:\/\/www.creativodigital.net\/home\/imagen-corporativa\/#breadcrumb"},"inLanguage":"es","potentialAction":[{"@type":"ReadAction","target":["https:\/\/www.creativodigital.net\/home\/imagen-corporativa\/"]}]},{"@type":"BreadcrumbList","@id":"https:\/\/www.creativodigital.net\/home\/imagen-corporativa\/#breadcrumb","itemListElement":[{"@type":"ListItem","position":1,"name":"Portada","item":"https:\/\/www.creativodigital.net\/home\/"},{"@type":"ListItem","position":2,"name":"Imagen Corporativa"}]},{"@type":"WebSite","@id":"https:\/\/www.creativodigital.net\/home\/#website","url":"https:\/\/www.creativodigital.net\/home\/","name":"Creativo: Agencia de Dise\u00f1o","description":"Somos una agencia de dise\u00f1o, nos especializamos en imagen corporativa, dise\u00f1o web, multimedia y visualizaciones arquitectonicas 3D","potentialAction":[{"@type":"SearchAction","target":{"@type":"EntryPoint","urlTemplate":"https:\/\/www.creativodigital.net\/home\/?s={search_term_string}"},"query-input":"required name=search_term_string"}],"inLanguage":"es"}]}},"_links":{"self":[{"href":"https:\/\/www.creativodigital.net\/home\/wp-json\/wp\/v2\/pages\/6730"}],"collection":[{"href":"https:\/\/www.creativodigital.net\/home\/wp-json\/wp\/v2\/pages"}],"about":[{"href":"https:\/\/www.creativodigital.net\/home\/wp-json\/wp\/v2\/types\/page"}],"author":[{"embeddable":true,"href":"https:\/\/www.creativodigital.net\/home\/wp-json\/wp\/v2\/users\/1"}],"replies":[{"embeddable":true,"href":"https:\/\/www.creativodigital.net\/home\/wp-json\/wp\/v2\/comments?post=6730"}],"version-history":[{"count":1,"href":"https:\/\/www.creativodigital.net\/home\/wp-json\/wp\/v2\/pages\/6730\/revisions"}],"predecessor-version":[{"id":6731,"href":"https:\/\/www.creativodigital.net\/home\/wp-json\/wp\/v2\/pages\/6730\/revisions\/6731"}],"wp:attachment":[{"href":"https:\/\/www.creativodigital.net\/home\/wp-json\/wp\/v2\/media?parent=6730"}],"curies":[{"name":"wp","href":"https:\/\/api.w.org\/{rel}","templated":true}]}}

<section class="wpb-content-wrapper"><p>[vc_row heading_color=»primary-1&#8243; section_type=»fullwidth-element» flex_height=»yes»][vc_column]<div class="eut-element eut-hr " style="padding-top: 0px;padding-bottom: 0px;"><div class="eut-dashed-line-divider"></div></div><div class="eut-element eut-image-text" style="margin-bottom: 0px;"><div class="eut-image"><img width="1500" height="1000" src="https://www.creativodigital.net/home/wp-content/uploads/2016/05/img_servicios_imagencorp.png" class="attachment-full size-full" alt="" decoding="async" loading="lazy" srcset="https://www.creativodigital.net/home/wp-content/uploads/2016/05/img_servicios_imagencorp.png 1500w, https://www.creativodigital.net/home/wp-content/uploads/2016/05/img_servicios_imagencorp-300x200.png 300w, https://www.creativodigital.net/home/wp-content/uploads/2016/05/img_servicios_imagencorp-768x512.png 768w, https://www.creativodigital.net/home/wp-content/uploads/2016/05/img_servicios_imagencorp-1024x683.png 1024w" sizes="(max-width: 1500px) 100vw, 1500px" /></div>  <div class="eut-content eut-align-left"><h3>Imagen Corporativa</h3>  <p>Diseñamos a la medida de tu empresa.</p>
<p>La imagen corporativa es el reflejo de los valores de una empresa, su cultura, filosofía y forma de trabajar. Es por eso que transmitirlos de forma correcta a los consumidores es importante. Es decir, el mensaje de lo que una empresa es o significa para la sociedad y como ésta la percibe.<br />
Por esa razón después de la creación del logotipo y definición de las líneas básicas de su uso, diseñamos todos los elementos que lo presentan (diseño de marca). Papelería (cartas, sobres, sellos, etc.), tarjetas, rotulación (de instalaciones, vehículos, etc.) y cualquier elemento visual que la actividad de la empresa requiera (menús, folletos, revistas, etc.)<br />
</p>  </div></div><div class="eut-element eut-hr " style=""><div class="eut-dashed-line-divider"></div></div>[/vc_column][/vc_row][vc_row heading_color=»orange»][vc_column]<div class="eut-element eut-callout eut-btn-bottom" style="">  <div class="eut-callout-wrapper"><h3 class="eut-callout-content">¿Tienes algún proyecto?</h3>    <p class="eut-leader-text">Contactanos y permitenos ayudarte con la imagen de tu proyecto. Uno de nuestros ejecutivos se pondrá en contacto con usted.</p>  </div>  <div class="eut-button-wrapper"><a class="eut-btn eut-btn-medium eut-square eut-bg-primary-1 eut-btn-line" href="mailto:produccion@creativodigital.net" target="_self" style=""><span>Solicitar Información</span></a>  </div></div>[/vc_column][/vc_row]</p>
</section>

<title>Imagen Corporativa - Creativo: Agencia de Diseño</title>
<meta name="robots" content="index, follow, max-snippet:-1, max-image-preview:large, max-video-preview:-1" />
<link rel="canonical" href="https://www.creativodigital.net/home/imagen-corporativa/" />
<meta property="og:locale" content="es_ES" />
<meta property="og:type" content="article" />
<meta property="og:title" content="Imagen Corporativa - Creativo: Agencia de Diseño" />
<meta property="og:description" content="[vc_row heading_color=»primary-1&#8243; section_type=»fullwidth-element» flex_height=»yes»][vc_column][/vc_column][/vc_row][vc_row heading_color=»orange»][vc_column][/vc_column][/vc_row]" />
<meta property="og:url" content="https://www.creativodigital.net/home/imagen-corporativa/" />
<meta property="og:site_name" content="Creativo: Agencia de Diseño" />
<meta property="article:modified_time" content="2016-10-08T16:15:44+00:00" />
<meta name="twitter:card" content="summary_large_image" />
<meta name="twitter:label1" content="Tiempo de lectura" />
	<meta name="twitter:data1" content="1 minuto" />
<script type="application/ld+json" class="yoast-schema-graph">{"@context":"https://schema.org","@graph":[{"@type":"WebPage","@id":"https://www.creativodigital.net/home/imagen-corporativa/","url":"https://www.creativodigital.net/home/imagen-corporativa/","name":"Imagen Corporativa - Creativo: Agencia de Diseño","isPartOf":{"@id":"https://www.creativodigital.net/home/#website"},"datePublished":"2016-10-08T16:05:23+00:00","dateModified":"2016-10-08T16:15:44+00:00","breadcrumb":{"@id":"https://www.creativodigital.net/home/imagen-corporativa/#breadcrumb"},"inLanguage":"es","potentialAction":[{"@type":"ReadAction","target":["https://www.creativodigital.net/home/imagen-corporativa/"]}]},{"@type":"BreadcrumbList","@id":"https://www.creativodigital.net/home/imagen-corporativa/#breadcrumb","itemListElement":[{"@type":"ListItem","position":1,"name":"Portada","item":"https://www.creativodigital.net/home/"},{"@type":"ListItem","position":2,"name":"Imagen Corporativa"}]},{"@type":"WebSite","@id":"https://www.creativodigital.net/home/#website","url":"https://www.creativodigital.net/home/","name":"Creativo: Agencia de Diseño","description":"Somos una agencia de diseño, nos especializamos en imagen corporativa, diseño web, multimedia y visualizaciones arquitectonicas 3D","potentialAction":[{"@type":"SearchAction","target":{"@type":"EntryPoint","urlTemplate":"https://www.creativodigital.net/home/?s={search_term_string}"},"query-input":"required name=search_term_string"}],"inLanguage":"es"}]}</script>

Imagen Corporativa - Creativo: Agencia de Diseño

Creativo: Agencia de Diseño

Somos una agencia de diseño, nos especializamos en imagen corporativa, diseño web, multimedia y visualizaciones arquitectonicas 3D
